{"id":169,"date":"2018-10-07T16:13:52","date_gmt":"2018-10-07T16:13:52","guid":{"rendered":"http:\/\/baeaereglopfa.info\/?page_id=169"},"modified":"2025-03-12T21:05:04","modified_gmt":"2025-03-12T21:05:04","slug":"satzung","status":"publish","type":"page","link":"https:\/\/baeaereglopfa.info\/?page_id=169","title":{"rendered":"Satzung"},"content":{"rendered":"<p><span style=\"text-decoration: underline;\"><strong>Satzung Guggemusik B\u00e4\u00e4reglopfa e.V.<\/strong><\/span><\/p>\n<p><a href=\"https:\/\/baeaereglopfa.info\/wp-content\/uploads\/2025\/03\/Satzung-Guggemusik-Baeaereglopfa-03052024_HP.pdf\">Satzung Guggemusik B\u00e4\u00e4reglopfa 03052024_HP<\/a><\/p>\n","protected":false},"excerpt":{"rendered":"<p>Satzung Guggemusik B\u00e4\u00e4reglopfa e.V. Satzung Guggemusik B\u00e4\u00e4reglopfa 03052024_HP<\/p>\n","protected":false},"author":1,"featured_media":0,"parent":0,"menu_order":0,"comment_status":"closed","ping_status":"closed","template":"","meta":[],"_links":{"self":[{"href":"https:\/\/baeaereglopfa.info\/index.php?rest_route=\/wp\/v2\/pages\/169"}],"collection":[{"href":"https:\/\/baeaereglopfa.info\/index.php?rest_route=\/wp\/v2\/pages"}],"about":[{"href":"https:\/\/baeaereglopfa.info\/index.php?rest_route=\/wp\/v2\/types\/page"}],"author":[{"embeddable":true,"href":"https:\/\/baeaereglopfa.info\/index.php?rest_route=\/wp\/v2\/users\/1"}],"replies":[{"embeddable":true,"href":"https:\/\/baeaereglopfa.info\/index.php?rest_route=%2Fwp%2Fv2%2Fcomments&post=169"}],"version-history":[{"count":6,"href":"https:\/\/baeaereglopfa.info\/index.php?rest_route=\/wp\/v2\/pages\/169\/revisions"}],"predecessor-version":[{"id":764,"href":"https:\/\/baeaereglopfa.info\/index.php?rest_route=\/wp\/v2\/pages\/169\/revisions\/764"}],"wp:attachment":[{"href":"https:\/\/baeaereglopfa.info\/index.php?rest_route=%2Fwp%2Fv2%2Fmedia&parent=169"}],"curies":[{"name":"wp","href":"https:\/\/api.w.org\/{rel}","templated":true}]}}