{"id":170,"date":"2018-10-07T16:13:53","date_gmt":"2018-10-07T16:13:53","guid":{"rendered":"http:\/\/baeaereglopfa.info\/?page_id=170"},"modified":"2018-10-10T15:43:49","modified_gmt":"2018-10-10T15:43:49","slug":"geschaeftsordnung","status":"publish","type":"page","link":"https:\/\/baeaereglopfa.info\/?page_id=170","title":{"rendered":"Gesch\u00e4ftsordnung"},"content":{"rendered":"<div class=\"page\" title=\"Page 1\">\n<div class=\"layoutArea\">\n<div class=\"column\">\n<p><span style=\"text-decoration: underline;\"><strong>Gesch\u00e4ftsordnung Guggemusik B\u00e4\u00e4reglopfa e.V.:<\/strong><\/span><\/p>\n<\/div>\n<\/div>\n<div class=\"layoutArea\">\n<div class=\"column\">\n<p><span style=\"text-decoration: underline;\"><strong>Jahres-Mitgliedsbeitr\u00e4ge:<\/strong><\/span><br \/>\nMinderj\u00e4hrige, vor Vollendung des 18. Lebensjahres: 18\u20ac<br \/>\nErwachsene: 20\u20ac<br \/>\nEhepaare + Lebensgemeinschaften: 30\u20ac<br \/>\nAlleinerziehende incl. minderj\u00e4hrige Kinder: 30\u20ac<br \/>\nFamilien (eingeschlossen sind minderj\u00e4hrige Kinder und<br \/>\nPersonen mit Sch\u00fclerausweis): 40\u20ac<\/p>\n<p>Die Entrichtung des Jahresbeitrags erfolgt in der Regel ausschlie\u00dflich bargeldlos durch Bankeinzug.<br \/>\nJedes Mitglied ist aufgefordert, bei F\u00e4lligkeit des Jahresbeitrags f\u00fcr entsprechende Deckung\u00a0seines Bankkontos zu sorgen, das er als Zahlungskonto angegeben hat. Eventuell anfallende R\u00fcckbuchungskosten, mit denen die Bank den Verein belastet, sind vom Mitglied zu erstatten.<\/p>\n<p><span style=\"text-decoration: underline;\"><strong>Kost\u00fcme:<\/strong><\/span><br \/>\nJedes aktive Mitglied erh\u00e4lt vom Verein leihweise ein komplettes Kost\u00fcm zur Verf\u00fcgung gestellt und verpflichtet sich, damit sorgf\u00e4ltig umzugehen. F\u00fcr jedes Kost\u00fcm ist eine Kaution\u00a0zu hinterlegen.<br \/>\nDie Kaution betr\u00e4gt f\u00fcr Erwachsene 65\u20ac,<br \/>\nf\u00fcr Kinder\/Jugendliche bis Vollendung des 18.Lebensjahres 20\u20ac.<br \/>\nBei Erl\u00f6schen der Mitgliedschaft muss das Mitglied das Kost\u00fcm umgehend wieder an den Verein \u00fcbergeben. Je nach Zustand des Kost\u00fcms (entscheidet der Kost\u00fcmwart) wird die Kaution ganz, teilweise oder gar nicht zur\u00fcck erstattet. Sinngem\u00e4\u00df wird bei Neuanschaffung\u00a0von Kost\u00fcms\u00e4tzen durch den Verein verfahren.<br \/>\nHut, Fleece-Jacke, Sweat-Shirt, T-Shirt, Regenjacke etc. geh\u00f6ren nicht zum Kost\u00fcm und m\u00fcssen von jedem selbst bezahlt bzw. besorgt werden.<\/p>\n<p><span style=\"text-decoration: underline;\"><strong>Instrumente:<br \/>\n<\/strong><\/span>Alle Mitglieder, die Instrumente vom Verein besitzen sind verpflichtet, diese ordentlich zu\u00a0verwahren und pfleglich zu behandeln.<br \/>\nBei Fahrl\u00e4ssigkeit oder mutwilliger Besch\u00e4digung sind diese zu ersetzen.<br \/>\nBei Austritt eines Mitgliedes aus dem Verein sind s\u00e4mtliche Instrumente, die Eigentum des Vereins sind, zur\u00fcck zu geben.<\/p>\n<p><span style=\"text-decoration: underline;\"><strong>Rechte und Pflichten der Mitglieder:<br \/>\n<\/strong><\/span>Alle Mitglieder ab 16 Jahren haben das Recht an der Willensbildung im Verein durch Aus\u00fcben des Antrags-, Diskussions- und Stimmrechts an der Mitgliederversammlung teilzunehmen.<br \/>\nJedes aktive Mitglied ist angehalten, regelm\u00e4\u00dfig an den Proben und Auftritten teilzunehmen.<\/p>\n<p><span style=\"text-decoration: underline;\"><strong>Gastspieler:<br \/>\n<\/strong><\/span>Vorst\u00e4nde und musikalische Leitung entscheiden in einfacher Mehrheit \u00fcber die Mitwirkung von Gastspielern bei Auftritten. Wenn einer Person erlaubt wird, bei Veranstaltungen mitzuwirken, so muss dieser Gastspieler aus\u00a0<span style=\"font-size: 1rem;\">versicherungstechnischen Gr\u00fcnden vor Teilnahme an der Veranstaltung Mitglied werden. Dies erfordert ein vollst\u00e4ndig ausgef\u00fclltes und unterschriebenes Mitgliedsantragsformular und die Annahme der Mitgliedschaft durch den Vorstand.<\/span><\/p>\n<\/div>\n<\/div>\n<\/div>\n<div class=\"page\" title=\"Page 2\">\n<div class=\"layoutArea\">\n<div class=\"column\">\n<p><span style=\"text-decoration: underline;\"><strong>Erweiterter Vorstand:<br \/>\n<\/strong><\/span>Der erweiterte Vorstand besteht aus dem satzungsm\u00e4\u00dfigen Vorstand &#8230; zuz\u00fcglich: Kost\u00fcmverwalter &#8230;<\/p>\n<p><span style=\"text-decoration: underline;\"><strong>Aussch\u00fcsse:<br \/>\n<\/strong><\/span>Der Vorstand kann zu abgegrenzten Themen Aussch\u00fcsse bilden und Ausschusssitzungen einberufen. Zu diesem Zweck bestimmt der Vorsitzende, welche Personen zu den Themen notwendig sind und eingeladen werden. Der komplette erweiterte Vorstand wird vorab \u00fcber Teilnehmer und Themen der Ausschusssitzunginformiert. Auf Wunsch und nach Anmeldung k\u00f6nnen auch andere Mitglieder deserweiterten Vorstandes oder auf ausdr\u00fcckliche Einladung des Vorstandes auch G\u00e4ste an den Ausschusssitzungen teilnehmen.<\/p>\n<p><span style=\"text-decoration: underline;\"><strong>Wahl der \u00c4mter:<br \/>\n<\/strong><\/span>1. Durch die Mitgliederversammlung k\u00f6nnen 1 Wahlleiter und 2 Wahlhelfer bestimmtwerden. Der Wahlleiter leitet die Wahl. Er gibt die Ergebnisse bekannt und ist f\u00fcr die ordnungsgem\u00e4\u00dfe Durchf\u00fchrung verantwortlich.<br \/>\n2. Die Wahlen erfolgen zeitversetzt auf 2 Jahre.<\/p>\n<p>Es werden gew\u00e4hlt:<br \/>\nIn geraden Jahreszahlen:<br \/>\nErster Vorsitzender, Kassierer, Musikalische Leitung, Kost\u00fcmverwalterIn ungeraden Jahreszahlen:<br \/>\nZweiter Vorsitzender, Schriftf\u00fchrer<\/p>\n<p>Beisitzer k\u00f6nnen in beiden Jahren gew\u00e4hlt werden.<\/p>\n<p>Remchingen, 27.03.2015<\/p>\n<\/div>\n<\/div>\n<p>&nbsp;<\/p>\n<p><span style=\"text-decoration: underline;\"><strong>Erg\u00e4nzung zur Gesch\u00e4ftsordnung Guggemusik B\u00e4\u00e4reglopfa e.V. 13.02.2017:<br \/>\n<\/strong><\/span>Der Verein kann den Mitgliedern zum gegenseitigen internen Austausch verschiedene Kommunikationsplattformen zur Verf\u00fcgung stellen. Diese Plattformen stehen nur Mitgliedern offen.<\/p>\n<p>Sofern Personen au\u00dferhalb des Vereins Zugriff bekommen sollen, ist hierf\u00fcr ein Vorstandsbeschluss notwendig.<\/p>\n<p>Die auf den Plattformen stehenden Daten d\u00fcrfen nur zur internen Kommunikation genutzt werden und nicht an andere Personen weitergegeben noch f\u00fcr andere Zwecke (z.B. Werbung) genutzt werden. Jedes Mitglied verpflichtet sich, die Daten nur f\u00fcr Vereinszwecke zu verwenden.<\/p>\n<p>Der Missbrauch der Plattform kann den Ausschluss des Mitglieds aus dem Verein zur Folge haben.<\/p>\n<p>Als Plattform stehen derzeit neben Maillisten, Veranstaltungslisten, SMS-Kommunikationsplattformen auch eine Mitgliederliste zur Verf\u00fcgung. Jedes Mitglied kann durch den eigenen Eintrag selbst bestimmen, welche Daten den anderen Mitgliedern zur Verf\u00fcgung gestellt werden sollen\/d\u00fcrfen.<\/p>\n<\/div>\n","protected":false},"excerpt":{"rendered":"<p>Gesch\u00e4ftsordnung Guggemusik B\u00e4\u00e4reglopfa e.V.: Jahres-Mitgliedsbeitr\u00e4ge: Minderj\u00e4hrige, vor Vollendung des 18. Lebensjahres: 18\u20ac Erwachsene: 20\u20ac Ehepaare + Lebensgemeinschaften: 30\u20ac Alleinerziehende incl. minderj\u00e4hrige Kinder: 30\u20ac Familien (eingeschlossen sind minderj\u00e4hrige Kinder und Personen mit Sch\u00fclerausweis): 40\u20ac Die Entrichtung des Jahresbeitrags erfolgt in der Regel ausschlie\u00dflich bargeldlos durch Bankeinzug. Jedes Mitglied ist aufgefordert, bei F\u00e4lligkeit des Jahresbeitrags f\u00fcr entsprechende &hellip; <\/p>\n<p class=\"link-more\"><a href=\"https:\/\/baeaereglopfa.info\/?page_id=170\" class=\"more-link\"><span class=\"screen-reader-text\">\u201eGesch\u00e4ftsordnung\u201c<\/span> weiterlesen<\/a><\/p>\n","protected":false},"author":1,"featured_media":0,"parent":0,"menu_order":0,"comment_status":"closed","ping_status":"closed","template":"","meta":[],"_links":{"self":[{"href":"https:\/\/baeaereglopfa.info\/index.php?rest_route=\/wp\/v2\/pages\/170"}],"collection":[{"href":"https:\/\/baeaereglopfa.info\/index.php?rest_route=\/wp\/v2\/pages"}],"about":[{"href":"https:\/\/baeaereglopfa.info\/index.php?rest_route=\/wp\/v2\/types\/page"}],"author":[{"embeddable":true,"href":"https:\/\/baeaereglopfa.info\/index.php?rest_route=\/wp\/v2\/users\/1"}],"replies":[{"embeddable":true,"href":"https:\/\/baeaereglopfa.info\/index.php?rest_route=%2Fwp%2Fv2%2Fcomments&post=170"}],"version-history":[{"count":3,"href":"https:\/\/baeaereglopfa.info\/index.php?rest_route=\/wp\/v2\/pages\/170\/revisions"}],"predecessor-version":[{"id":241,"href":"https:\/\/baeaereglopfa.info\/index.php?rest_route=\/wp\/v2\/pages\/170\/revisions\/241"}],"wp:attachment":[{"href":"https:\/\/baeaereglopfa.info\/index.php?rest_route=%2Fwp%2Fv2%2Fmedia&parent=170"}],"curies":[{"name":"wp","href":"https:\/\/api.w.org\/{rel}","templated":true}]}}